umber?
False
Let j(i) = -12*i**3 + 7*i**2 - 1. Is j(-6) a prime number?
True
Let d be (-25 - 1) + 4 + -6. Let n(l) = 9*l - 2. Let o be n(-5). Let j = d - o. Is j composite?
False
Let x(j) = j**3 - 14*j**2 + 17*j + 39. Is x(14) composite?
False
Suppose -5 = -5*x - 0*x. Let z be 0/1 + x + -7. Is (4/z)/(2/(-573)) a composite number?
False
Let x(c) = -2*c + 7. Let j be x(-3). Let r(s) = 2*s - 15. Is r(j) composite?
False
Suppose 779 = 4*s - 3*c, 12 + 8 = -4*c. Is s prime?
True
Is (16780/15)/(10/15) a composite number?
True
Let r = 27 + -59. Let d = -1 - r. Is d prime?
True
Let v = -10 + 10. Suppose -k + 6*k - 695 = v. Is k prime?
True
Let i be 2/(-4)*8/4. Is (i + 0)*-2 + 77 composite?
False
Let b(m) = 5*m + 1 + 6*m**2 - 5*m**2 + 2. Let l(h) = 5*h**2 + h + 1. Let x be l(-1). Is b(x) a composite number?
False
Let w = -11 - -19. Let h(c) = 4*c + c**3 - 10*c - 2*c**3 + 3 + 9*c**2. Is h(w) a composite number?
False
Let h(j) = j**3 + 18*j**2 + 18*j + 20. Let i be h(-17). Is (-8)/(-12) - (-193)/i a composite number?
True
Let f(b) = 3 + 8*b - 2*b**2 - 7 - 5*b - b**3 - 2*b. Let d be f(-3). Suppose -d*h - 69 = -2*r + h, -3*r - 2*h = -97. Is r composite?
True
Is ((-77)/(-2))/((-3)/(-6)) + 2 a composite number?
False
Let b = 15 - 24. Is (-69)/b + (-2)/3 a composite number?
False
Suppose 2*m = 5*u - 11, -13 = -3*u - 0*u - 2*m. Suppose -u*l - 4 = -t, 2*t + 3*t - 4*l = 53. Is t a prime number?
True
Suppose 5*k + 6500 - 220 = 0. Let q = k + 1853. Suppose -4*d - 89 = -q. Is d a composite number?
False
Let d be 38 - (2 + (2 - 5)). Let l = -4 + d. Is l composite?
True
Let m = 149 - 60. Suppose 5*u - 118 = -f, 3*f + 4*u = m + 254. Is f a composite number?
False
Suppose 0 = 5*y - 4*d - 23 - 18, 0 = -2*y - d + 19. Is (-3)/y - (-28)/12 composite?
False
Let z = -233 - -502. Is z a composite number?
False
Suppose 4*y = -y + 595. Is y a composite number?
True
Let d(v) = -59*v + 3. Is d(-2) prime?
False
Let q(b) = 1596*b**2 + b + 2. Is q(-1) a prime number?
True
Let t(s) = -s + 11. Let v be t(9). Suppose 2*b - 3*o - 306 = 0, -v*b = -0*o + 2*o - 326. Is b a composite number?
True
Is (3/6)/(2/824) a composite number?
True
Let t be (2 + -5)/(-3) + -20. Is t/1*(-3)/3 prime?
True
Suppose -3*h + 10 = -35. Suppose 53 = 2*l + h. Is l a prime number?
True
Suppose 0 = 4*s - 419 + 127. Let b = 426 + s. Is b a prime number?
True
Let c(b) = 184*b + 1. Let v = 20 - 19. Is c(v) a prime number?
False
Suppose -t - 7399 = -8*t. Is t composite?
True
Suppose -3*i = -3 - 3. Suppose 0 = 2*p - 3*a + 4, -3*p - a + 1 = -i*a. Is (-61)/(-4) - p/4 prime?
False
Let j be 2/3*(-15)/(-5). Suppose 3*y = -j*k - 3, 3*y - 4*k + 5 = -16. Is ((-1)/y)/((-1)/(-45)) a prime number?
False
Suppose 3*q + 183 = -57. Let k be q*(48/(-5))/3. Suppose -l + k = -t, -2*l - 2*l + 5*t = -1023. Is l a prime number?
True
Suppose -6 = u - 30. Let m = 9 + u. Is m a composite number?
True
Let a(h) = 15*h - 6. Let j(w) = w + 1. Let b(z) = a(z) + 5*j(z). Let g be b(3). Suppose 0 = -8*x + 7*x + g. Is x prime?
True
Let n(x) be the second derivative of -x**5/20 + x**4/12 + x**3/2 + x**2/2 - 3*x. Is n(-2) composite?
False
Suppose 35 = -5*c - 4*h, 0 = c + 5*h + 43 - 15. Let a(t) = -6*t**2 - 8*t - 8. Let q(w) = w**2 + w + 1. Let v(u) = -a(u) - 4*q(u). Is v(c) composite?
True
Suppose 5*r + 0*r = 10. Suppose 2*x = -r + 10. Suppose x*o - 316 = -0*o. Is o a composite number?
False
Let c(d) = 15*d**2 - d - 3. Suppose -3*z - 19 + 4 = 0. Is c(z) a composite number?
True
Let q(m) = -m**3 - 25*m - 21. Is q(-11) prime?
False
Let j(z) = 4*z**2 - z. Let y be j(-1). Suppose -4*r + 3*u + 38 = -21, y*u = 3*r - 58. Is r composite?
False
Let l(w) = -12*w + 3. Let z = 2 + 3. Let m be l(z). Is -1 + 1 + m/(-3) prime?
True
Suppose 193 = 6*b + 31. Suppose 5*n + 5 = -5*a, a - 3*a - 2 = n. Is (b - (n - 3)) + 1 a composite number?
False
Let y be ((-8)/(-16))/(1/6). Is y/(-1) - (-24 - 4) composite?
True
Suppose 11*h - 6*h - 15 = 0. Suppose -4*m + h*x + 323 = 0, -2*m = -4*m + x + 159. Is m a prime number?
False
Suppose s + 19 = 5*k + 124, -k = 3*s + 5. Let j be (-2)/(-8) - 515/k. Suppose 3*h - 26 = -2*b + 2*h, 0 = -2*b + 4*h + j. Is b prime?
True
Suppose -4 + 8 = -2*k. Is (k - -3 - -210)*1 a prime number?
True
Suppose 2*x + 6 = -0. Let t be (-256)/(-24) + (-1)/x. Suppose 46 = l + t. Is l a prime number?
False
Let d(a) = 23*a**2 + 3*a - 4. Let q be d(3). Let y = -143 + q. Is y composite?
True
Let w = 421 - 288. Is w composite?
True
Let h(f) = 10*f + 1. Let i(b) = -9*b - 1. Let a(r) = -6*h(r) - 7*i(r). Let y be a(4). Suppose n - 6 = y. Is n a composite number?
False
Suppose -4*q - 120 = 4*k, -81 = 3*k + 5*q + 19. Let s be (k/4)/(1/(-68)). Suppose 3*m + 134 = s. Is m prime?
True
Suppose -2*o - o = -12. Let u(v) = 3*v + 1. Is u(o) composite?
False
Suppose 6*r - r - 10 = 0. Suppose -2*y - 50 = -r*o, 5*o - 2*y = 32 + 102. Let w = o + 103. Is w a composite number?
False
Let l(u) = u**3 - 8*u**2 + 6*u + 9. Let v be l(7). Let c be 1/v - (-189)/2. Suppose 5*x + 4*q = 2*q + c, -4*x = 2*q - 74. Is x composite?
True
Let t(f) = -1 + 5 - 3*f + 5 + 1 - 8*f**2 - f**3. Is t(-8) composite?
True
Let h(o) = -o + 5. Let z be h(0). Suppose -w + z = -0*w. Suppose -f = -3*a + f + 353, 4*f + 585 = w*a. Is a prime?
False
Suppose 42 + 34 = 4*u. Is u prime?
True
Let z = -262 + 551. Is z composite?
True
Suppose 0 = 5*p + 2 - 97. Is p a composite number?
False
Let j be (-3)/6 + (-6)/(-4). Suppose 0 = -5*s - 1 - 9. Is (j/(-1))/(s/262) a prime number?
True
Let g(h) = -4*h - 6. Let d(m) = -m**3 + 5*m**2 - m - 4. Let j be d(5). Let w = 5 + j. Is g(w) prime?
False
Let d = 20 - -86. Is d prime?
False
Suppose -l + 2 = -0*l. Suppose 70 = l*g - g. Let a = g + -33. Is a a composite number?
False
Let l(m) = m**2 + 32. Let h be l(0). Let a = h - 13. Is a a composite number?
False
Let d(p) = -2*p - 2. Let h(b) = -b + 1. Let a(f) = d(f) + 5*h(f). Is a(-5) a composite number?
True
Let n = 3887 - 336. Is n prime?
False
Is -5199*(-2 - (-4 - -1))/(-3) a prime number?
True
Suppose 5 = -5*o, 0*o = 4*w + 3*o - 357. Let y = w + -3. Is y a composite number?
True
Let p = -12 - -14. Let z(d) = d**2 - 4*d. Let f be z(4). Suppose -p*g + 0*r + r + 8 = f, 22 = g - 5*r. Is g a prime number?
True
Suppose -404 = -4*t - 4*z, -3*z + 509 = 4*t + t. Let o = t + -56. Is o a prime number?
True
Let z(q) = -2*q**3 - 4*q**2 + 91 + 5*q**2 + 3*q**3. Is z(0) prime?
False
Suppose -2*o - 5*h = 1 - 4, 3*o + 4*h - 15 = 0. Let y(f) = -5*f**3 + f**2 - 1. Let z be y(-1). Suppose 8 = 4*w, -4*n + o*n + z*w - 345 = 0. Is n prime?
True
Let c = 12 + -5. Let k(p) = -p**3 + 15*p**2 + 2*p - 1. Let j(y) = y**3 - 14*y**2 - 3*y + 1. Let x(r) = -7*j(r) - 6*k(r). Is x(c) prime?
False
Let g(q) be the first derivative of -q**3/3 - 3*q**2 - 6*q - 2. Let h be g(-5). Is (0 + -15)/(h/1) prime?
False
Let i be (-3)/(-6)*2*136. Suppose 0 = -4*j + 2*s + i, 16 + 18 = j + 4*s. Is j a composite number?
True
Let a = 14 + -9. Let g(t) = 2*t + 6. Let r be g(a). Suppose -i + 0 = 2, -4*k - 4*i + r = 0. Is k prime?
False
Suppose 5*k - 418 = 112. Is k a prime number?
False
Let y = -122 - -211. Is y prime?
True
Suppose -16 = -i + 3*g, 18 = -2*i - 6*g + 2*g. Let q(o) = 371*o. Is q(i) a composite number?
True
Is (3 - 725/30)*-6 a prime number?
True
Is (3/2)/(7/322) prime?
False
Suppose -s + 3*p + 715 = 3*s, -558 = -3*s - 5*p. Is s a composite number?
False
Suppose 0 = 4*z + f - 6152, 3*f = -0*f + 12. Suppose -4*n = -3*g + z, -15 = 2*n - 5*n. Is g composite?
True
Let s(u) = 231*u**2 - 8*u + 14. Is s(5) a prime number?
True
Suppose -230 + 66 = s. Let c be (-1)/(326/s + 2). Let z = c - -161. Is z a composite number?
False
Let p = 609 - 398. Is p a composite number?
False
Let k = -8 + 5. Let q be 5*(2 - (k - -4)). Suppose 5*r + 0*r = -q*v + 70, 0 = 4*r - 2*v - 56. Is r a prime number?
False
Let o(h) = h + 7. Let w be o(-5). Let r be w/(-3)*(-1 - -25). Let u = r - -63. Is u prime?
True
Let s = 38 - 55. Suppose 3*a - 6*h + 3*h = 75, -95 = -4*a + 5*h. Let l = a + s. Is l prime?
True
Suppose 4*q + 4*y = 460, 0 = -0*q - 2*q - 5*y + 224. Let s = q + -34. Is s a prime number?
True
Suppose 0 = 2*y - 15 + 3. Let a(z) = -z**2 + 5*z + 8. Let v be a(y). Suppose 0 = -4*u + 5*j + 393, 4*j = -v*u + 30 + 160. Is u composite?
False
Let p(x) = 2*x**2 - x + 393. Is p(0) prime?
False
Let x = 18 + -4